 is the ten thousands digit of 108176639?
7
What is the ten thousands digit of 181971341?
7
What is the millions digit of 717276100?
7
What is the millions digit of 88777790?
8
What is the ten thousands digit of 279807347?
0
What is the units digit of 294887738?
8
What is the units digit of 924920169?
9
What is the hundreds digit of 74772359?
3
What is the ten thousands digit of 9732038573?
3
What is the billions digit of 2001466369?
2
What is the hundred millions digit of 1043457486?
0
What is the ten thousands digit of 262232363?
3
What is the tens digit of 74595383?
8
What is the units digit of 1045174580?
0
What is the hundred thousands digit of 179767452?
7
What is the ten thousands digit of 66542661?
4
What is the ten thousands digit of 308061918?
6
What is the ten thousands digit of 21070424?
7
What is the ten thousands digit of 3621322888?
2
What is the hundred thousands digit of 12012658?
0
What is the ten millions digit of 86064273?
8
What is the tens digit of 32034590?
9
What is the ten thousands digit of 114322655?
2
What is the hundreds digit of 500122065?
0
What is the units digit of 765148589?
9
What is the hundred thousands digit of 109734657?
7
What is the hundred thousands digit of 264306206?
3
What is the hundred millions digit of 623053129?
6
What is the hundred thousands digit of 89502987?
5
What is the hundreds digit of 871015468?
4
What is the billions digit of 1842279576?
1
What is the millions digit of 138748831?
8
What is the thousands digit of 214565313?
5
What is the units digit of 6816330882?
2
What is the billions digit of 1231477613?
1
What is the hundred thousands digit of 64316565?
3
What is the millions digit of 211959964?
1
What is the units digit of 32557591?
1
What is the tens digit of 24286179?
7
What is the tens digit of 366937126?
2
What is the hundreds digit of 2206330560?
5
What is the millions digit of 2537204?
2
What is the hundreds digit of 1068288438?
4
What is the ten millions digit of 798706515?
9
What is the hundreds digit of 244288726?
7
What is the ten thousands digit of 180699096?
9
What is the millions digit of 418479366?
8
What is the hundred thousands digit of 21411760?
4
What is the tens digit of 73062646?
4
What is the thousands digit of 1297576?
7
What is the hundreds digit of 663882544?
5
What is the hundreds digit of 24720009?
0
What is the hundred thousands digit of 1526326126?
3
What is the hundred millions digit of 134706765?
1
What is the tens digit of 918641156?
5
What is the units digit of 358688327?
7
What is the millions digit of 852277537?
2
What is the tens digit of 14992203?
0
What is the units digit of 168244263?
3
What is the units digit of 3288996446?
6
What is the ten millions digit of 1716656526?
1
What is the tens digit of 5998357663?
6
What is the hundred thousands digit of 299941182?
9
What is the tens digit of 9946014?
1
What is the ten millions digit of 3833605231?
3
What is the ten thousands digit of 7427694039?
9
What is the hundred thousands digit of 109510407?
5
What is the units digit of 358931694?
4
What is the hundred thousands digit of 21362573?
3
What is the ten millions digit of 5480139767?
8
What is the hundred thousands digit of 2629601432?
6
What is the millions digit of 20214154?
0
What is the thousands digit of 105711794?
1
What is the thousands digit of 4647787291?
7
What is the hundred thousands digit of 78140456?
1
What is the units digit of 667241566?
6
What is the hundred thousands digit of 157488125?
4
What is the thousands digit of 100765756?
5
What is the hundred thousands digit of 374622666?
6
What is the hundreds digit of 311640160?
1
What is the ten thousands digit of 515349796?
4
What is the ten millions digit of 1017236821?
1
What is the billions digit of 4148442944?
4
What is the units digit of 93013112?
2
What is the thousands digit of 4025214153?
4
What is the hundred millions digit of 723537188?
7
What is the tens digit of 53658411?
1
What is the tens digit of 3705461037?
3
What is the tens digit of 2499627?
2
What is the ten thousands digit of 2802275393?
7
What is the ten millions digit of 716826412?
1
What is the tens digit of 17926454?
5
What is the ten thousands digit of 611930171?
3
What is the hundreds digit of 230160090?
0
What is the millions digit of 49742139?
9
What is the ten thousands digit of 61769827?
6
What is the hundred millions digit of 2209953839?
2
What is the units digit of 539971222?
2
What is the ten millions digit of 3448983333?
4
What is the millions digit of 40382152?
0
What is the tens digit of 589219853?
5
What is the hundred thousands digit of 1568425970?
4
What is the units digit of 154282223?
3
What is the tens digit of 62621990?
9
What is the thousands digit of 2186630458?
0
What is the units digit of 831643471?
1
What is the thousands digit of 3910391925?
1
What is the tens digit of 1721833?
3
What is the units digit of 20740793?
3
What is the hundreds digit of 63743092?
0
What is the millions digit of 1138745632?
8
What is the ten thousands digit of 40137845?
3
What is the tens digit of 488732825?
2
What is the thousands digit of 328745388?
5
What is the hundreds digit of 439336699?
6
What is the tens digit of 113617818?
1
What is the thousands digit of 482221174?
1
What is the millions digit of 78147952?
8
What is the hundred thousands digit of 75582229?
5
What is the millions digit of 44188944?
4
What is the ten millions digit of 15159918?
1
What is the hundred millions digit of 114301772?
1
What is the hundreds digit of 243303271?
2
What is the units digit of 43029442?
2
What is the thousands digit of 64952680?
2
What is the millions digit of 189640032?
9
What is the hundreds digit of 740936299?
2
What is the units digit of 1120706799?
9
What is the units digit of 23110823?
3
What is the hundreds digit of 50073325?
3
What is the units digit of 1857305?
5
What is the hundred thousands digit of 129254860?
2
What is the thousands digit of 6349792?
9
What is the thousands digit of 283848693?
8
What is the millions digit of 728845912?
8
What is the ten millions digit of 39910085?
3
What is the tens digit of 10292785?
8
What is the thousands digit of 100870370?
0
What is the hundreds digit of 3087383714?
7
What is the ten thousands digit of 35979713?
7
What is the ten millions digit of 62349650?
6
What is the hundred thousands digit of 1484455485?
4
What is the tens digit of 314311299?
9
What is the thousands digit of 149614428?
4
What is the hundred millions digit of 200234603?
2
What is the ten thousands digit of 805417894?
1
What is the units digit of 1920226522?
2
What is the thousands digit of 91420550?
0
What is the ten thousands digit of 1871320158?
2
What is the units digit of 79564789?
9
What is the hundred thousands digit of 9152651009?
6
What is the hundred thousands digit of 20015860?
0
What is the hundred thousands digit of 30551737?
5
What is the ten thousands digit of 24303515?
0
What is the hundred thousands digit of 36365408?
3
What is the ten thousands digit of 2455964986?
6
What is the tens digit of 1059320616?
1
What is the hundred thousands digit of 22715393?
7
What is the ten thousands digit of 253787678?
8
What is the tens digit of 2626140541?
4
What is the units digit of 41809624?
4
What is the millions digit of 3535096?
3
What is the thousands digit of 235803222?
3
What is the hundreds digit of 1074730043?
0
What is the ten millions digit of 3003656634?
0
What is the ten millions digit of 350797798?
5
What is the ten millions digit of 153392867?
5
What is the units digit of 281762263?
3
What is the ten millions digit of 2866129854?
6
What is the hundred thousands digit of 1707031295?
0
What is the hundreds digit of 184714192?
1
What is the millions digit of 201752088?
1
What is the ten thousands digit of 993386375?
8
What is the hundred millions digit of 887942502?
8
What is the hundred thousands digit of 2461966426?
9
What is the tens digit of 3166799849?
4
What is the tens digit of 115722766?
6
What is the hundred millions digit of 770892296?
7
What is the units digit of 1122056258?
8
What is the thousands digit of 202854679?
4
What is the ten millions digit of 529175803?
2
What is the hundreds digit of 6010562?
5
What is the millions digit of 107645149?
7
What is the u